{"id":660,"date":"2021-06-25T18:29:41","date_gmt":"2021-06-25T16:29:41","guid":{"rendered":"https:\/\/cms.dgsdart.de\/?page_id=660"},"modified":"2021-07-02T13:16:56","modified_gmt":"2021-07-02T11:16:56","slug":"saison-3-s-dart","status":"publish","type":"page","link":"https:\/\/dgsdart.de\/?page_id=660","title":{"rendered":"Saison 3 (S-Dart)"},"content":{"rendered":"\n<figure class=\"wp-block-table is-style-stripes\"><table><thead><tr><th class=\"has-text-align-center\" data-align=\"center\">Gegner<\/th><th class=\"has-text-align-center\" data-align=\"center\">Legs<\/th><th class=\"has-text-align-center\" data-align=\"center\">Gegner<\/th><th class=\"has-text-align-center\" data-align=\"center\">Ergebnisse<\/th><\/tr><\/thead><tbody><tr><td class=\"has-text-align-center\" data-align=\"center\">Spielplan Vorrunde<\/td><\/tr><tr><td class=\"has-text-align-center\" data-align=\"center\">Britta (Deaf Anker) Kahle<\/td><td class=\"has-text-align-center\" data-align=\"center\">1 &#8211; 4<\/td><td class=\"has-text-align-center\" data-align=\"center\">Marcel (Max_Cat_10) Plogmann<\/td><td class=\"has-text-align-center\" data-align=\"center\"><a href=\"https:\/\/lidarts.org\/game\/9gWLLxC-\" rel=\"noreferrer noopener\" target=\"_blank\">klick<\/a><\/td><\/tr><tr><td class=\"has-text-align-center\" data-align=\"center\">Florian (fbdeaf) B\u00fcker<\/td><td class=\"has-text-align-center\" data-align=\"center\">1 &#8211; 4<\/td><td class=\"has-text-align-center\" data-align=\"center\">Stephan (Erdbeerherzchen) Prei\u00df<\/td><td class=\"has-text-align-center\" data-align=\"center\"><a href=\"https:\/\/lidarts.org\/game\/dI-nBpIi\" rel=\"noreferrer noopener\" target=\"_blank\">klick<\/a><\/td><\/tr><tr><td class=\"has-text-align-center\" data-align=\"center\">Marc (Marcinho) Krahe<\/td><td class=\"has-text-align-center\" data-align=\"center\">0 &#8211; 4<\/td><td class=\"has-text-align-center\" data-align=\"center\">Fritz (Fritzibvb) Dargatz<\/td><td class=\"has-text-align-center\" data-align=\"center\"><a href=\"https:\/\/lidarts.org\/game\/U9UGzBEs\" rel=\"noreferrer noopener\" target=\"_blank\">klick<\/a><\/td><\/tr><tr><td class=\"has-text-align-center\" data-align=\"center\">Sabine (Eichh\u00f6rnchen63) B\u00fcchner<\/td><td class=\"has-text-align-center\" data-align=\"center\">2 &#8211; 4<\/td><td class=\"has-text-align-center\" data-align=\"center\">Axel (Fischkopf)&nbsp;Aukam<\/td><td class=\"has-text-align-center\" data-align=\"center\"><a href=\"https:\/\/lidarts.org\/game\/wn-ytzy1\" rel=\"noreferrer noopener\" target=\"_blank\">klick<\/a><\/td><\/tr><tr><td class=\"has-text-align-center\" data-align=\"center\">Kathrin (KatzeMaus82) Liebich<\/td><td class=\"has-text-align-center\" data-align=\"center\">1 &#8211; 4<\/td><td class=\"has-text-align-center\" data-align=\"center\">Marco (Badboys) Meger<\/td><td class=\"has-text-align-center\" data-align=\"center\"><a href=\"https:\/\/lidarts.org\/game\/5o12_paf\" rel=\"noreferrer noopener\" target=\"_blank\">klick<\/a><\/td><\/tr><tr><td class=\"has-text-align-center\" data-align=\"center\">Detlev (Mercedes70) Zunke<\/td><td class=\"has-text-align-center\" data-align=\"center\">2 &#8211; 4<\/td><td class=\"has-text-align-center\" data-align=\"center\">J\u00f6rg (Coolboydeaf) Bernshausen<\/td><td class=\"has-text-align-center\" data-align=\"center\"><a href=\"https:\/\/lidarts.org\/game\/BHd-boKa\" rel=\"noreferrer noopener\" target=\"_blank\">klick<\/a><\/td><\/tr><tr><td class=\"has-text-align-center\" data-align=\"center\"><\/td><td class=\"has-text-align-center\" data-align=\"center\"><\/td><td class=\"has-text-align-center\" data-align=\"center\"><\/td><td class=\"has-text-align-center\" data-align=\"center\"><\/td><\/tr><tr><td class=\"has-text-align-center\" data-align=\"center\">Spielplan Vorrunde<\/td><\/tr><tr><td class=\"has-text-align-center\" data-align=\"center\">Stephan (Erdbeerherzchen) Prei\u00df<\/td><td class=\"has-text-align-center\" data-align=\"center\">4 &#8211; 0<\/td><td class=\"has-text-align-center\" data-align=\"center\">Britta (Deaf Anker) Kahle<\/td><td class=\"has-text-align-center\" data-align=\"center\"><a href=\"https:\/\/lidarts.org\/game\/x4NSbfd2\" rel=\"noreferrer noopener\" target=\"_blank\">klick<\/a><\/td><\/tr><tr><td class=\"has-text-align-center\" data-align=\"center\">Marcel (Max_Cat_10) Plogmann<\/td><td class=\"has-text-align-center\" data-align=\"center\">0 &#8211; 4<\/td><td class=\"has-text-align-center\" data-align=\"center\">Florian (fbdeaf) B\u00fcker<\/td><td class=\"has-text-align-center\" data-align=\"center\"><a href=\"https:\/\/lidarts.org\/game\/gHE3HtHW\" rel=\"noreferrer noopener\" target=\"_blank\">klick<\/a><\/td><\/tr><tr><td class=\"has-text-align-center\" data-align=\"center\">Axel (Fischkopf)&nbsp;Aukam<\/td><td class=\"has-text-align-center\" data-align=\"center\">2 &#8211; 4<\/td><td class=\"has-text-align-center\" data-align=\"center\">Marc (Marcinho) Krahe<\/td><td class=\"has-text-align-center\" data-align=\"center\"><a href=\"https:\/\/lidarts.org\/game\/1c0fd0RF\" rel=\"noreferrer noopener\" target=\"_blank\">klick<\/a><\/td><\/tr><tr><td class=\"has-text-align-center\" data-align=\"center\">Fritz (Fritzibvb) Dargatz<\/td><td class=\"has-text-align-center\" data-align=\"center\">4 &#8211; 2<\/td><td class=\"has-text-align-center\" data-align=\"center\">Sabine (Eichh\u00f6rnchen63) B\u00fcchner<\/td><td class=\"has-text-align-center\" data-align=\"center\"><a href=\"https:\/\/lidarts.org\/game\/ShO_FYLg\" rel=\"noreferrer noopener\" target=\"_blank\">klick<\/a><\/td><\/tr><tr><td class=\"has-text-align-center\" data-align=\"center\">J\u00f6rg (Coolboydeaf) Bernshausen<\/td><td class=\"has-text-align-center\" data-align=\"center\">4 &#8211; 1<\/td><td class=\"has-text-align-center\" data-align=\"center\">Kathrin (KatzeMaus82) Liebich<\/td><td class=\"has-text-align-center\" data-align=\"center\"><a href=\"https:\/\/lidarts.org\/game\/YjiXF1Sy\" rel=\"noreferrer noopener\" target=\"_blank\">klick<\/a><\/td><\/tr><tr><td class=\"has-text-align-center\" data-align=\"center\">Marco (Badboys) Meger<\/td><td class=\"has-text-align-center\" data-align=\"center\">4 &#8211; 3<\/td><td class=\"has-text-align-center\" data-align=\"center\">Detlev (Mercedes70) Zunke<\/td><td class=\"has-text-align-center\" data-align=\"center\"><a href=\"https:\/\/lidarts.org\/game\/O2F4IKVy\" rel=\"noreferrer noopener\" target=\"_blank\">klick<\/a><\/td><\/tr><tr><td class=\"has-text-align-center\" data-align=\"center\"><\/td><td class=\"has-text-align-center\" data-align=\"center\"><\/td><td class=\"has-text-align-center\" data-align=\"center\"><\/td><td class=\"has-text-align-center\" data-align=\"center\"><\/td><\/tr><tr><td class=\"has-text-align-center\" data-align=\"center\">Spielplan Vorrunde<\/td><\/tr><tr><td class=\"has-text-align-center\" data-align=\"center\">Britta (Deaf Anker) Kahle<\/td><td class=\"has-text-align-center\" data-align=\"center\">2 &#8211; 4<\/td><td class=\"has-text-align-center\" data-align=\"center\">Florian (fbdeaf) B\u00fcker<\/td><td class=\"has-text-align-center\" data-align=\"center\"><a href=\"https:\/\/lidarts.org\/game\/WAejBT8x\" rel=\"noreferrer noopener\" target=\"_blank\">klick<\/a><\/td><\/tr><tr><td class=\"has-text-align-center\" data-align=\"center\">Marcel (Max_Cat_10) Plogmann<\/td><td class=\"has-text-align-center\" data-align=\"center\">4 &#8211; 1<\/td><td class=\"has-text-align-center\" data-align=\"center\">Stephan (Erdbeerherzchen) Prei\u00df<\/td><td class=\"has-text-align-center\" data-align=\"center\"><a href=\"https:\/\/lidarts.org\/game\/x-y81vrb\" rel=\"noreferrer noopener\" target=\"_blank\">klick<\/a><\/td><\/tr><tr><td class=\"has-text-align-center\" data-align=\"center\">Marc (Marcinho) Krahe<\/td><td class=\"has-text-align-center\" data-align=\"center\">4 &#8211; 0<\/td><td class=\"has-text-align-center\" data-align=\"center\">Sabine (Eichh\u00f6rnchen63) B\u00fcchner<\/td><td class=\"has-text-align-center\" data-align=\"center\"><a href=\"https:\/\/lidarts.org\/game\/MsgBRW8o\" rel=\"noreferrer noopener\" target=\"_blank\">klick<\/a><\/td><\/tr><tr><td class=\"has-text-align-center\" data-align=\"center\">Fritz (Fritzibvb) Dargatz<\/td><td class=\"has-text-align-center\" data-align=\"center\">3 &#8211; 4<\/td><td class=\"has-text-align-center\" data-align=\"center\">Axel (Fischkopf)&nbsp;Aukam<\/td><td class=\"has-text-align-center\" data-align=\"center\"><a href=\"https:\/\/lidarts.org\/game\/S08gsEoT\" rel=\"noreferrer noopener\" target=\"_blank\">klick<\/a><\/td><\/tr><tr><td class=\"has-text-align-center\" data-align=\"center\">Kathrin (KatzeMaus82) Liebich<\/td><td class=\"has-text-align-center\" data-align=\"center\">4 &#8211; 1<\/td><td class=\"has-text-align-center\" data-align=\"center\">Detlev (Mercedes70) Zunke<\/td><td class=\"has-text-align-center\" data-align=\"center\"><a href=\"https:\/\/lidarts.org\/game\/F_BaYA_J\" rel=\"noreferrer noopener\" target=\"_blank\">klick<\/a><\/td><\/tr><tr><td class=\"has-text-align-center\" data-align=\"center\">Marco (Badboys) Meger<\/td><td class=\"has-text-align-center\" data-align=\"center\">1 &#8211; 4<\/td><td class=\"has-text-align-center\" data-align=\"center\">J\u00f6rg (Coolboydeaf) Bernshausen<\/td><td class=\"has-text-align-center\" data-align=\"center\"><a href=\"https:\/\/lidarts.org\/game\/ER44dOpt\" rel=\"noreferrer noopener\" target=\"_blank\">klick<\/a><\/td><\/tr><tr><td class=\"has-text-align-center\" data-align=\"center\"><\/td><td class=\"has-text-align-center\" data-align=\"center\"><\/td><td class=\"has-text-align-center\" data-align=\"center\"><\/td><td class=\"has-text-align-center\" data-align=\"center\"><\/td><\/tr><tr><td class=\"has-text-align-center\" data-align=\"center\">Viertelfinale<\/td><\/tr><tr><td class=\"has-text-align-center\" data-align=\"center\">J\u00f6rg (Coolboydeaf) Bernshausen<\/td><td class=\"has-text-align-center\" data-align=\"center\">5 &#8211; 4<\/td><td class=\"has-text-align-center\" data-align=\"center\">Axel (Fischkopf)&nbsp;Aukam<\/td><td class=\"has-text-align-center\" data-align=\"center\"><a href=\"https:\/\/lidarts.org\/game\/DHu9oX6V\" rel=\"noreferrer noopener\" target=\"_blank\">klick<\/a><\/td><\/tr><tr><td class=\"has-text-align-center\" data-align=\"center\">Fritz (Fritzibvb) Dargatz<\/td><td class=\"has-text-align-center\" data-align=\"center\">5 &#8211; 2<\/td><td class=\"has-text-align-center\" data-align=\"center\">Marcel (Max_Cat_10) Plogmann<\/td><td class=\"has-text-align-center\" data-align=\"center\"><a href=\"https:\/\/lidarts.org\/game\/X4IpbpDb\" rel=\"noreferrer noopener\" target=\"_blank\">klick<\/a><\/td><\/tr><tr><td class=\"has-text-align-center\" data-align=\"center\">Stephan (Erdbeerherzchen) Prei\u00df<\/td><td class=\"has-text-align-center\" data-align=\"center\">4 &#8211; 5<\/td><td class=\"has-text-align-center\" data-align=\"center\">Marco (Badboys) Meger<\/td><td class=\"has-text-align-center\" data-align=\"center\"><a href=\"https:\/\/lidarts.org\/game\/lMNTLGpX\" rel=\"noreferrer noopener\" target=\"_blank\">klick<\/a><\/td><\/tr><tr><td class=\"has-text-align-center\" data-align=\"center\">Florian (fbdeaf) B\u00fcker<\/td><td class=\"has-text-align-center\" data-align=\"center\">5 &#8211; 2<\/td><td class=\"has-text-align-center\" data-align=\"center\">Marc (Marcinho) Krahe<\/td><td class=\"has-text-align-center\" data-align=\"center\"><a href=\"https:\/\/lidarts.org\/game\/lIAuJBId\" rel=\"noreferrer noopener\" target=\"_blank\">klick<\/a><\/td><\/tr><tr><td class=\"has-text-align-center\" data-align=\"center\"><\/td><td class=\"has-text-align-center\" data-align=\"center\"><\/td><td class=\"has-text-align-center\" data-align=\"center\"><\/td><td class=\"has-text-align-center\" data-align=\"center\"><\/td><\/tr><tr><td class=\"has-text-align-center\" data-align=\"center\">Halbfinale Trostrunde<\/td><\/tr><tr><td class=\"has-text-align-center\" data-align=\"center\">Kathrin (KatzeMaus82) Liebich<\/td><td class=\"has-text-align-center\" data-align=\"center\">3 &#8211; 4<\/td><td class=\"has-text-align-center\" data-align=\"center\">Britta (Deaf Anker) Kahle<\/td><td class=\"has-text-align-center\" data-align=\"center\">Nicht Ergebnisse gefunden<\/td><\/tr><tr><td class=\"has-text-align-center\" data-align=\"center\">Detlev (Mercedes70) Zunke<\/td><td class=\"has-text-align-center\" data-align=\"center\">0 &#8211; 4<\/td><td class=\"has-text-align-center\" data-align=\"center\">Sabine (Eichh\u00f6rnchen63) B\u00fcchner<\/td><td class=\"has-text-align-center\" data-align=\"center\"><a href=\"https:\/\/lidarts.org\/game\/pJri6eq6\" rel=\"noreferrer noopener\" target=\"_blank\">klick<\/a><\/td><\/tr><tr><td class=\"has-text-align-center\" data-align=\"center\"><\/td><td class=\"has-text-align-center\" data-align=\"center\"><\/td><td class=\"has-text-align-center\" data-align=\"center\"><\/td><td class=\"has-text-align-center\" data-align=\"center\"><\/td><\/tr><tr><td class=\"has-text-align-center\" data-align=\"center\">kleines Halbfinale<\/td><\/tr><tr><td class=\"has-text-align-center\" data-align=\"center\">Axel (Fischkopf)&nbsp;Aukam<\/td><td class=\"has-text-align-center\" data-align=\"center\">0 &#8211; 4<\/td><td class=\"has-text-align-center\" data-align=\"center\">Marcel (Max_Cat_10) Plogmann<\/td><td class=\"has-text-align-center\" data-align=\"center\"><a href=\"https:\/\/lidarts.org\/game\/qv2Yjgt7\" rel=\"noreferrer noopener\" target=\"_blank\">klick<\/a><\/td><\/tr><tr><td class=\"has-text-align-center\" data-align=\"center\">Stephan (Erdbeerherzchen) Prei\u00df<\/td><td class=\"has-text-align-center\" data-align=\"center\">4 &#8211; 2<\/td><td class=\"has-text-align-center\" data-align=\"center\">Marc (Marcinho) Krahe<\/td><td class=\"has-text-align-center\" data-align=\"center\"><a href=\"https:\/\/lidarts.org\/game\/mx_Kxizi\" rel=\"noreferrer noopener\" target=\"_blank\">klick<\/a><\/td><\/tr><tr><td class=\"has-text-align-center\" data-align=\"center\"><\/td><td class=\"has-text-align-center\" data-align=\"center\"><\/td><td class=\"has-text-align-center\" data-align=\"center\"><\/td><td class=\"has-text-align-center\" data-align=\"center\"><\/td><\/tr><tr><td class=\"has-text-align-center\" data-align=\"center\">Halbfinale<\/td><\/tr><tr><td class=\"has-text-align-center\" data-align=\"center\">J\u00f6rg (Coolboydeaf) Bernshausen<\/td><td class=\"has-text-align-center\" data-align=\"center\">1 &#8211; 6<\/td><td class=\"has-text-align-center\" data-align=\"center\">Fritz (Fritzibvb) Dargatz<\/td><td class=\"has-text-align-center\" data-align=\"center\"><a href=\"https:\/\/lidarts.org\/game\/CdQ_Bav4\" rel=\"noreferrer noopener\" target=\"_blank\">klick<\/a><\/td><\/tr><tr><td class=\"has-text-align-center\" data-align=\"center\">Marco (Badboys) Meger<\/td><td class=\"has-text-align-center\" data-align=\"center\">5 &#8211; 6<\/td><td class=\"has-text-align-center\" data-align=\"center\">Florian (fbdeaf) B\u00fcker<\/td><td class=\"has-text-align-center\" data-align=\"center\"><a href=\"https:\/\/lidarts.org\/game\/vctyncE9\" rel=\"noreferrer noopener\" target=\"_blank\">klick<\/a><\/td><\/tr><tr><td class=\"has-text-align-center\" data-align=\"center\"><\/td><td class=\"has-text-align-center\" data-align=\"center\"><\/td><td class=\"has-text-align-center\" data-align=\"center\"><\/td><td class=\"has-text-align-center\" data-align=\"center\"><\/td><\/tr><tr><td class=\"has-text-align-center\" data-align=\"center\">Spiel um Platz 11<\/td><\/tr><tr><td class=\"has-text-align-center\" data-align=\"center\">Kathrin (KatzeMaus82) Liebich<\/td><td class=\"has-text-align-center\" data-align=\"center\">3 &#8211; 4<\/td><td class=\"has-text-align-center\" data-align=\"center\">Detlev (Mercedes70) Zunke<\/td><td class=\"has-text-align-center\" data-align=\"center\"><a href=\"https:\/\/lidarts.org\/game\/nx1tlgFe\" rel=\"noreferrer noopener\" target=\"_blank\">klick<\/a><\/td><\/tr><tr><td class=\"has-text-align-center\" data-align=\"center\"><\/td><td class=\"has-text-align-center\" data-align=\"center\"><\/td><td class=\"has-text-align-center\" data-align=\"center\"><\/td><td class=\"has-text-align-center\" data-align=\"center\"><\/td><\/tr><tr><td class=\"has-text-align-center\" data-align=\"center\">Spiel um Platz 9<\/td><\/tr><tr><td class=\"has-text-align-center\" data-align=\"center\">Britta (Deaf Anker) Kahle<\/td><td class=\"has-text-align-center\" data-align=\"center\">4 &#8211; 3<\/td><td class=\"has-text-align-center\" data-align=\"center\">Sabine (Eichh\u00f6rnchen63) B\u00fcchner<\/td><td class=\"has-text-align-center\" data-align=\"center\"><a href=\"https:\/\/lidarts.org\/game\/9qrRFBVh\" rel=\"noreferrer noopener\" target=\"_blank\">klick<\/a><\/td><\/tr><tr><td class=\"has-text-align-center\" data-align=\"center\"><\/td><td class=\"has-text-align-center\" data-align=\"center\"><\/td><td class=\"has-text-align-center\" data-align=\"center\"><\/td><td class=\"has-text-align-center\" data-align=\"center\"><\/td><\/tr><tr><td class=\"has-text-align-center\" data-align=\"center\">Spiel um Platz 7<\/td><\/tr><tr><td class=\"has-text-align-center\" data-align=\"center\">Axel (Fischkopf)&nbsp;Aukam<\/td><td class=\"has-text-align-center\" data-align=\"center\">4 &#8211; 0<\/td><td class=\"has-text-align-center\" data-align=\"center\">Marc (Marcinho) Krahe<\/td><td class=\"has-text-align-center\" data-align=\"center\"><a href=\"https:\/\/lidarts.org\/game\/u2p2C6YR\" rel=\"noreferrer noopener\" target=\"_blank\">klick<\/a><\/td><\/tr><tr><td class=\"has-text-align-center\" data-align=\"center\"><\/td><td class=\"has-text-align-center\" data-align=\"center\"><\/td><td class=\"has-text-align-center\" data-align=\"center\"><\/td><td class=\"has-text-align-center\" data-align=\"center\"><\/td><\/tr><tr><td class=\"has-text-align-center\" data-align=\"center\">Spiel um Platz 5<\/td><\/tr><tr><td class=\"has-text-align-center\" data-align=\"center\">Marcel (Max_Cat_10) Plogmann<\/td><td class=\"has-text-align-center\" data-align=\"center\">4 &#8211; 2<\/td><td class=\"has-text-align-center\" data-align=\"center\">Stephan (Erdbeerherzchen) Prei\u00df<\/td><td class=\"has-text-align-center\" data-align=\"center\"><a href=\"https:\/\/lidarts.org\/game\/WOVGKPDG\" rel=\"noreferrer noopener\" target=\"_blank\">klick<\/a><\/td><\/tr><tr><td class=\"has-text-align-center\" data-align=\"center\"><\/td><td class=\"has-text-align-center\" data-align=\"center\"><\/td><td class=\"has-text-align-center\" data-align=\"center\"><\/td><td class=\"has-text-align-center\" data-align=\"center\"><\/td><\/tr><tr><td class=\"has-text-align-center\" data-align=\"center\">Spiel um Platz 3<\/td><\/tr><tr><td class=\"has-text-align-center\" data-align=\"center\">J\u00f6rg (Coolboydeaf) Bernshausen<\/td><td class=\"has-text-align-center\" data-align=\"center\">3 &#8211; 7<\/td><td class=\"has-text-align-center\" data-align=\"center\">Marco (Badboys) Meger<\/td><td class=\"has-text-align-center\" data-align=\"center\"><a href=\"https:\/\/lidarts.org\/game\/Y1D6iFrq\" rel=\"noreferrer noopener\" target=\"_blank\">klick<\/a><\/td><\/tr><tr><td class=\"has-text-align-center\" data-align=\"center\"><\/td><td class=\"has-text-align-center\" data-align=\"center\"><\/td><td class=\"has-text-align-center\" data-align=\"center\"><\/td><td class=\"has-text-align-center\" data-align=\"center\"><\/td><\/tr><tr><td class=\"has-text-align-center\" data-align=\"center\">Finale<\/td><\/tr><tr><td class=\"has-text-align-center\" data-align=\"center\">Fritz (Fritzibvb) Dargatz<\/td><td class=\"has-text-align-center\" data-align=\"center\">8 &#8211; 5<\/td><td class=\"has-text-align-center\" data-align=\"center\">Florian (fbdeaf) B\u00fcker<\/td><td class=\"has-text-align-center\" data-align=\"center\"><a href=\"https:\/\/lidarts.org\/game\/lRQNtU0x\" rel=\"noreferrer noopener\" target=\"_blank\">klick<\/a><\/td><\/tr><\/tbody><\/table><\/figure>\n\n\n\n<hr class=\"wp-block-separator is-style-wide\"\/>\n\n\n\n<h2 class=\"wp-block-heading\" id=\"headeditor2752\">Platzierung<\/h2>\n\n\n\n<p>Sieger: <a href=\"https:\/\/cms.dgsdart.de\/?page_id=466\" data-type=\"page\" data-id=\"466\">Fritz (Fritzibvb) Dargatz<\/a><\/p>\n\n\n\n<p>Vizemeister: <a href=\"https:\/\/cms.dgsdart.de\/?page_id=265\" data-type=\"page\" data-id=\"265\">Florian (fbdeaf) B\u00fcker<\/a><\/p>\n\n\n\n<p>3 Platz: <a href=\"https:\/\/cms.dgsdart.de\/?page_id=263\" data-type=\"page\" data-id=\"263\">Marco (Badboys) Meger<\/a><\/p>\n\n\n\n<p>4 Platz: <a href=\"https:\/\/cms.dgsdart.de\/?page_id=259\" data-type=\"page\" data-id=\"259\">J\u00f6rg (Coolboydeaf) Bernshausen<\/a><\/p>\n\n\n\n<p>5 Platz: <a href=\"https:\/\/cms.dgsdart.de\/?page_id=464\" data-type=\"page\" data-id=\"464\">Marcel (Max_Cat_10) Plogmann<\/a><\/p>\n\n\n\n<p>6 Platz: <a href=\"https:\/\/cms.dgsdart.de\/?page_id=468\" data-type=\"page\" data-id=\"468\">Stephan (Erdbeerherzchen) Prei\u00df<\/a><\/p>\n\n\n\n<p>7 Platz: <a href=\"https:\/\/cms.dgsdart.de\/?page_id=472\" data-type=\"page\" data-id=\"472\">Axel (Fischkopf) Aukam<\/a><\/p>\n\n\n\n<p>8 Platz: <a href=\"https:\/\/cms.dgsdart.de\/?page_id=470\" data-type=\"page\" data-id=\"470\">Marc (Marcinho) Krahe<\/a><\/p>\n\n\n\n<p>9 Platz: <a href=\"https:\/\/cms.dgsdart.de\/?page_id=474\" data-type=\"page\" data-id=\"474\">Britta (Deaf Anker) Kahle<\/a><\/p>\n\n\n\n<p>10 Platz: <a href=\"https:\/\/cms.dgsdart.de\/?page_id=462\" data-type=\"page\" data-id=\"462\">Sabine (Eichh\u00f6rnchen63) B\u00fcchner<\/a><\/p>\n\n\n\n<p>11 Platz: <a href=\"https:\/\/cms.dgsdart.de\/?page_id=476\" data-type=\"page\" data-id=\"476\">Detlev (Mercedes70) Zunke<\/a><\/p>\n\n\n\n<p>12 Platz: <a href=\"https:\/\/cms.dgsdart.de\/?page_id=478\" data-type=\"page\" data-id=\"478\">Kathrin (KatzeMaus82) Liebich<\/a><\/p>\n","protected":false},"excerpt":{"rendered":"<p>Gegner Legs Gegner Ergebnisse Spielplan Vorrunde Britta (Deaf Anker) Kahle 1 &#8211; 4 Marcel (Max_Cat_10) Plogmann klick Florian (fbdeaf) B\u00fcker 1 &#8211; 4 Stephan (Erdbeerherzchen) Prei\u00df klick Marc (Marcinho) Krahe 0 &#8211; 4 Fritz (Fritzibvb) Dargatz klick Sabine (Eichh\u00f6rnchen63) B\u00fcchner 2 &#8211; 4 Axel (Fischkopf)&nbsp;Aukam klick Kathrin (KatzeMaus82) Liebich 1 &#8211; 4 Marco (Badboys) Meger&#46;&#46;&#46;<\/p>\n","protected":false},"author":1,"featured_media":0,"parent":99,"menu_order":3,"comment_status":"closed","ping_status":"closed","template":"template-fullwidth.php","meta":{"footnotes":""},"class_list":["post-660","page","type-page","status-publish","hentry"],"_links":{"self":[{"href":"https:\/\/dgsdart.de\/index.php?rest_route=\/wp\/v2\/pages\/660","targetHints":{"allow":["GET"]}}],"collection":[{"href":"https:\/\/dgsdart.de\/index.php?rest_route=\/wp\/v2\/pages"}],"about":[{"href":"https:\/\/dgsdart.de\/index.php?rest_route=\/wp\/v2\/types\/page"}],"author":[{"embeddable":true,"href":"https:\/\/dgsdart.de\/index.php?rest_route=\/wp\/v2\/users\/1"}],"replies":[{"embeddable":true,"href":"https:\/\/dgsdart.de\/index.php?rest_route=%2Fwp%2Fv2%2Fcomments&post=660"}],"version-history":[{"count":0,"href":"https:\/\/dgsdart.de\/index.php?rest_route=\/wp\/v2\/pages\/660\/revisions"}],"up":[{"embeddable":true,"href":"https:\/\/dgsdart.de\/index.php?rest_route=\/wp\/v2\/pages\/99"}],"wp:attachment":[{"href":"https:\/\/dgsdart.de\/index.php?rest_route=%2Fwp%2Fv2%2Fmedia&parent=660"}],"curies":[{"name":"wp","href":"https:\/\/api.w.org\/{rel}","templated":true}]}}