{"id":482,"date":"2021-06-20T14:44:57","date_gmt":"2021-06-20T12:44:57","guid":{"rendered":"https:\/\/cms.dgsdart.de\/?page_id=482"},"modified":"2021-07-02T00:29:21","modified_gmt":"2021-07-01T22:29:21","slug":"bjoern-bjo28-kaeller","status":"publish","type":"page","link":"https:\/\/dgsdart.de\/?page_id=482","title":{"rendered":"Bj\u00f6rn (Bjo28) K\u00e4ller"},"content":{"rendered":"\n<div class=\"wp-block-columns is-layout-flex wp-container-core-columns-is-layout-9d6595d7 wp-block-columns-is-layout-flex\">\n<div class=\"wp-block-column is-layout-flow wp-block-column-is-layout-flow\" style=\"flex-basis:30%\">\n<figure class=\"wp-block-image size-large\"><img loading=\"lazy\" decoding=\"async\" width=\"250\" height=\"300\" src=\"https:\/\/cms.dgsdart.de\/wp-content\/uploads\/2021\/06\/bjornk.jpg\" alt=\"\" class=\"wp-image-438\"\/><\/figure>\n<\/div>\n\n\n\n<div class=\"wp-block-column is-layout-flow wp-block-column-is-layout-flow\" style=\"flex-basis:120%\">\n<figure class=\"wp-block-table is-style-stripes\"><table><tbody><tr><td>Name:<\/td><td>Bj\u00f6rn K\u00e4ller<\/td><\/tr><tr><td>Spitzname:<\/td><td>Neu &#8220;<strong>Bjo28<\/strong>&#8221; &#8211; alter &#8220;BM-BJOE28&#8221;<\/td><\/tr><tr><td>Land:<\/td><td>Nordrhein-Westfalen<\/td><\/tr><tr><td>Verein:<\/td><td>GSV M\u00fcnster<\/td><\/tr><tr><td>Nationalit\u00e4t:<\/td><td>Deutschland<\/td><\/tr><tr><td>Darts:<\/td><td>?<\/td><\/tr><tr><td>Liga:<\/td><td>S-Dart<\/td><\/tr><\/tbody><\/table><\/figure>\n<\/div>\n<\/div>\n\n\n\n<figure class=\"wp-block-table is-style-stripes\"><table><tbody><tr><td>Saisons:<\/td><td>Saison 7 (S-Dart)<br>SpeedDayDarts 1<br>Saison 8 Liga B (S-Dart)<br>Saison 10 (S-Dart)<br>ODL Mannschaft<br>SpeedDayDarts 2<\/td><\/tr><tr><td>Sieger:<\/td><td>&#8211;<\/td><\/tr><\/tbody><\/table><\/figure>\n\n\n\n<hr class=\"wp-block-separator is-style-wide\"\/>\n\n\n\n<h2 class=\"wp-block-heading\" id=\"headeditor2704\">S-Dart<\/h2>\n\n\n\n<figure class=\"wp-block-table is-style-stripes\"><table><tbody><tr><td>Saison<\/td><td>100+<\/td><td>140+<\/td><td>180s<\/td><\/tr><tr><td><\/td><td><\/td><td><\/td><td><\/td><\/tr><tr><td>Saison 7 (S-Dart)<\/td><td>6<\/td><td>2<\/td><td>0<\/td><\/tr><tr><td>SpeedDayDarts 1<\/td><td>2<\/td><td>0<\/td><td>0<\/td><\/tr><tr><td>Saison 8 Liga B (S-Dart)<\/td><td>20<\/td><td>2<\/td><td>0<\/td><\/tr><tr><td>Saison 10 (S-Dart)<\/td><td>4<\/td><td>0<\/td><td>0<\/td><\/tr><tr><td>SpeedDayDarts 2<\/td><td>4<\/td><td>2<\/td><td>0<\/td><\/tr><tr><td>ODL Mannschaft<\/td><td><\/td><td><\/td><td><\/td><\/tr><tr><td><\/td><td><\/td><td><\/td><td><\/td><\/tr><tr><td>Gesamt:<\/td><td>36<\/td><td>6<\/td><td>0<\/td><\/tr><\/tbody><\/table><\/figure>\n","protected":false},"excerpt":{"rendered":"<p>Name: Bj\u00f6rn K\u00e4ller Spitzname: Neu &#8220;Bjo28&#8221; &#8211; alter &#8220;BM-BJOE28&#8221; Land: Nordrhein-Westfalen Verein: GSV M\u00fcnster Nationalit\u00e4t: Deutschland Darts: ? Liga: S-Dart Saisons: Saison 7 (S-Dart)SpeedDayDarts 1Saison 8 Liga B (S-Dart)Saison 10 (S-Dart)ODL MannschaftSpeedDayDarts 2 Sieger: &#8211; S-Dart Saison 100+ 140+ 180s Saison 7 (S-Dart) 6 2 0 SpeedDayDarts 1 2 0 0 Saison 8 Liga B&#46;&#46;&#46;<\/p>\n","protected":false},"author":1,"featured_media":0,"parent":192,"menu_order":16,"comment_status":"closed","ping_status":"closed","template":"template-fullwidth.php","meta":{"footnotes":""},"class_list":["post-482","page","type-page","status-publish","hentry"],"_links":{"self":[{"href":"https:\/\/dgsdart.de\/index.php?rest_route=\/wp\/v2\/pages\/482","targetHints":{"allow":["GET"]}}],"collection":[{"href":"https:\/\/dgsdart.de\/index.php?rest_route=\/wp\/v2\/pages"}],"about":[{"href":"https:\/\/dgsdart.de\/index.php?rest_route=\/wp\/v2\/types\/page"}],"author":[{"embeddable":true,"href":"https:\/\/dgsdart.de\/index.php?rest_route=\/wp\/v2\/users\/1"}],"replies":[{"embeddable":true,"href":"https:\/\/dgsdart.de\/index.php?rest_route=%2Fwp%2Fv2%2Fcomments&post=482"}],"version-history":[{"count":0,"href":"https:\/\/dgsdart.de\/index.php?rest_route=\/wp\/v2\/pages\/482\/revisions"}],"up":[{"embeddable":true,"href":"https:\/\/dgsdart.de\/index.php?rest_route=\/wp\/v2\/pages\/192"}],"wp:attachment":[{"href":"https:\/\/dgsdart.de\/index.php?rest_route=%2Fwp%2Fv2%2Fmedia&parent=482"}],"curies":[{"name":"wp","href":"https:\/\/api.w.org\/{rel}","templated":true}]}}